78. Is u prime?
False
Let m = 10022 + -9935. Is m a prime number?
False
Let f be ((-1)/3)/((-2)/36). Let v(w) = -119*w - 151. Let s(g) = 40*g + 51. Let i(k) = 7*s(k) + 2*v(k). Is i(f) composite?
False
Let m = 42517 - 16878. Is m a prime number?
True
Let c(x) = x**2. Let n be c(2). Let t be (n + (-11193)/(-5))*5. Suppose -3*h + 6743 = 3*a - h, 0 = 5*a - 3*h - t. Is a a composite number?
True
Let v(j) = 24*j**2 - 42*j - 6803. Is v(89) composite?
False
Suppose 0 = -13*b - 16*b + 13*b. Suppose b = -z - 3*h + 1852 + 5184, 0 = -3*z - h + 21116. Is z composite?
False
Let d = 45279 + -24646. Is d composite?
True
Is (74161 - -65) + (-54)/(-8) + 2/8 a prime number?
False
Let x be (-6 + (-231)/(-7))*1. Suppose -114009 - 137388 = -x*z. Is z prime?
True
Let w = -4100 - -11086. Suppose 508 = 2*f - w. Is f a composite number?
True
Let j(f) = 65*f**2 + 6*f - 6. Suppose 13 = -5*s + 48. Is j(s) composite?
False
Suppose -29*z - 265 = -24*z. Let k = 60 + z. Is (k + (-132)/18)/((-1)/1245) a composite number?
True
Let q = 141811 + -28469. Is q composite?
True
Let x(c) = -2*c**3 - 22*c**2 + 117*c + 42. Is x(-45) a composite number?
True
Suppose 2*t + 4*p - 7392 = 0, 2*t + p - 3697 = t. Suppose -5*d - 5*z + 9230 = 0, -7*d + t = -5*d - 4*z. Is d composite?
False
Is (-35)/14 - ((-3044456)/16 + 5) a prime number?
True
Suppose -5*l - 87815 = -5*p, 12*l + 35114 = 2*p + 8*l. Is p composite?
False
Suppose 0 = 5*r - 8 + 23, 4*q - 2*r + 22 = 0. Is 110238/266 + (10/q - -2) prime?
False
Let d(j) = 437*j**2 - 29*j + 4. Let f be d(9). Suppose 9163 + f = 7*a. Is a a composite number?
False
Let v = -295 + 95. Let b = 309 + v. Is b a composite number?
False
Let d be 2 + -6 + 84/7. Let v(b) = -b**2 - 5*b**2 + b + d*b**2 + 1. Is v(6) a prime number?
True
Let r = -1672 - -3089. Is r a prime number?
False
Let a(w) = 18*w**3 - 3*w**2 + 3. Let i be a(-2). Let j = -34 - i. Suppose 10976 + j = 5*s. Is s a prime number?
False
Suppose -4*i + 10 = 4*n + i, 4*n + 3*i - 14 = 0. Suppose -20 = 5*w, -n*w = -y - 4*w + 4892. Suppose y = 2*x + 1242. Is x composite?
False
Let i(a) = 3239*a - 374. Is i(9) a prime number?
False
Let h = 463 - 464. Let r(u) = -6440*u + 9. Is r(h) composite?
False
Let f(c) = -c**3 - 8*c**2 + 7*c + 1. Let k be f(-9). Let i(n) = 35*n**2 + 2*n - 18. Is i(k) a prime number?
False
Suppose -2*s = -3*d + s + 33, 3*d - 34 = 2*s. Suppose -370*w = -376*w + 20010. Suppose d*t - w = 7*t. Is t a prime number?
False
Suppose 296517 + 319314 = 174*f - 865431. Is f a composite number?
False
Suppose 98 - 14 = 6*k. Suppose -k = 6*n + 70. Is 2/n + 20772/21 composite?
True
Suppose 2*c - f + 27646 = -2*f, -5*c = -5*f + 69085. Is c/(-4) - 2/8 composite?
True
Let i = -12385 - -5057. Let q = 12797 + i. Is q prime?
False
Is (-4500892)/(-33)*(-24)/(-32) a composite number?
False
Suppose 25*i = 31*i - 12. Is ((-24)/72)/(0 + i/(-42786)) a prime number?
False
Suppose 2753*a - 2708*a = 50458455. Is a prime?
False
Let j(k) = 9*k. Let z be j(0). Suppose -3*n - 8307 = -3*s, n = 3*s - z*n - 8303. Is s a composite number?
False
Suppose 0 = 35*u - 31*u - 4. Let w be (-11)/77 - u/(-7). Suppose -356 = -4*s - w*s. Is s prime?
True
Suppose -24*r + 16 + 56 = 0. Suppose 7804 = -r*z + 8*z + t, -5*t + 7800 = 5*z. Is z composite?
True
Is (((-6828549)/(-12))/13)/(2*(-2)/(-16)) composite?
True
Let a(f) be the third derivative of 241*f**5/30 - f**4/4 - 3*f**3/2 - 2*f**2 - 7. Is a(-2) a composite number?
False
Is 7619277/18 + 14/(-84) composite?
True
Suppose -24249 - 10099 - 3575 = -3*a. Is a composite?
False
Let n(i) = 19*i**3 - i**2 - 3*i - 2. Let h be 3 + 0/((-20)/(-5)). Suppose 6*l = h*l + 2*x + 13, -8 = 4*x. Is n(l) a composite number?
True
Let o(d) = 14135*d + 2902. Is o(3) composite?
False
Suppose 15*q - 8*q - 14*q + 4233439 = 0. Is q a prime number?
False
Let k = -7134 - -7848. Let a = 805 + -1296. Let o = k + a. Is o prime?
True
Suppose -3*r = k + 11, 0 = 3*k - 2*k + 5*r + 21. Let u be (-2)/(-6 + k)*3/1. Suppose 3*c = -u*c + 31014. Is c a prime number?
False
Let d = 167170 - 89979. Is d a prime number?
True
Let q(t) = 7*t + 65. Let r be 2*-4*(-36)/32 + 3. Is q(r) a composite number?
False
Suppose -2*h + 1619 = 8655. Let y = -605 - h. Is y a composite number?
True
Suppose -516852 - 1861809 = -93*u. Is u composite?
False
Suppose 2*x = -4*m + 123018, -5*x + 40264 = 3*m - 51982. Is m composite?
False
Let d(y) = 3*y + 53. Let v be d(-17). Suppose 2*w - q + 522 + 112 = 0, v*w + 3*q = -634. Let l = w - -564. Is l prime?
False
Is ((-599)/(-2))/(((-36)/48)/(1446/(-4))) prime?
False
Let d be (-440)/(-28) + -2 + (-4)/(-14). Let v(p) = -3*p + 41. Let x be v(d). Is 3 + (-779 + x)/(-3) a prime number?
True
Let q(r) = r**3 - 16*r**2 - 56*r + 1. Let x be q(19). Suppose 1077498 = x*w + 171598. Is w a prime number?
False
Let j(x) = -184*x + 0 - 4805*x - 6992*x - 2 + 3130*x. Is j(-1) prime?
True
Suppose 0 = -292*z + 304*z - 1904196. Is z prime?
False
Let w(k) = 1211*k**2 - 19*k - 147. Is w(10) prime?
True
Let t be (-16320)/14 + (-12)/42. Let k = t - -1911. Is k composite?
True
Let t be (-1 - 0) + 0 - -5. Suppose 47*y - 41*y = 0. Suppose 754 = t*s + 3*n - n, y = 4*s + n - 751. Is s composite?
True
Suppose d + 105 + 31 = 0. Let v be -1 + 22/18 - d/36. Suppose 3*z - 3889 = -v*q, 2507 + 2679 = 4*z + 5*q. Is z prime?
False
Suppose 0 = 146*v + 6*v - 0*v - 11401672. Is v a composite number?
False
Let c(l) = l**3 + l + 5. Let v be c(-2). Let x be -1*7360/(v/(-1)). Let m = x + 2134. Is m a composite number?
True
Let w(i) = 5559*i**2 + 32*i + 30. Is w(-1) a prime number?
True
Suppose -4*q + 2959 + 2213 = 0. Suppose q = 3*w - 69. Suppose w - 1649 = -o. Is o a composite number?
True
Let q(g) = 43*g**3 + 19*g**2 - 30*g - 6. Let w be q(6). Let m = w + -5819. Is m a prime number?
True
Let u(w) = -314*w - 11. Suppose -8*r = -13*r - 2*a - 21, 5*a = -2*r. Is u(r) composite?
False
Let v(a) = -a**3 - 11*a**2 - 11*a - 6. Let d be v(-10). Suppose 0 = -4*z - 4*h - 27 + 3, -d*z = -5*h + 6. Let i(t) = -5*t**3 - 5*t + 1. Is i(z) composite?
True
Let r(x) = x**3 - 20*x**2 + 34*x + 30. Let f be r(18). Let t(q) = -17*q**3 - 2*q**2 + 16*q - 13. Is t(f) a composite number?
False
Let t(h) = -11*h + 4015*h**3 + 821*h**3 + 7*h + 3. Is t(1) a prime number?
False
Suppose -5 + 41 = -4*a. Let s be (-12)/(-9)*(a - 0). Is (-4712)/s + 30/(-18) a composite number?
True
Suppose 3*v + 2*a - 2764771 = -951734, -1813067 = -3*v + 4*a. Is v a composite number?
False
Let j(l) = 16*l + 6*l + 116*l**2 - 6*l + 11 - 4 - 70*l**2. Is j(-20) a prime number?
False
Let a(i) = -19*i + 12. Let w be -7*5/(-70)*(-1 + 3). Let n be (-1 - w)/(10/85). Is a(n) prime?
False
Suppose 0 = -243*a - 240*a + 498*a - 240495. Is a a prime number?
True
Suppose 0 = -8*n + 9*n - 3. Let t(d) = -2*d**3 - 2*d + 8. Let r be t(n). Let y = 175 + r. Is y a composite number?
True
Suppose 5*j - 4*g - 25 = -2*g, 5*j = 4*g + 25. Suppose 4*t - j*y = 48752, -2*t = -0*t + y - 24390. Is t prime?
False
Let c(l) = 13*l**2 - 6*l - 105. Let p be c(-21). Let d = 11437 - p. Is d composite?
False
Let p(k) = 67*k**3 - 318*k**2 - 24*k - 110. Is p(25) composite?
True
Is (-3)/((-16)/(-3586496)*-6) a prime number?
False
Suppose -4*f - 3*y + 1064176 = -90436, -40 = -5*y. Is f a prime number?
True
Suppose -2968349 = -84*o + 3663703. Is o a composite number?
True
Let x = -5483 - -16095. Let j = x + -5403. Is j prime?
True
Let s = -2185 - -1136. Let y = 2410 + s. Is y composite?
False
Let y(p) = 13988*p**2 - 12*p - 13. Let v = -256 - -255. Is y(v) a prime number?
False
Suppose 5*u + 28024 = 486459. Is u a prime number?
False
Let d be (-606)/(2 + -14*(-4)/(-16)). Let o = d + -96. Suppose -3*m = -o + 71. Is m composite?
False
Is 968809 + (3 - (11 + (-36)/6)) composite?
True
Let q(d) = -d**3 - 4*d**2 + 4*d - 2. Let h be q(-5). Let y = 2 + h. Suppose 0 = -r + j - 0*j + 231, 0 = 4*r + y*j - 942. Is r a prime number?
True
Let v(x) be the third derivative of 81*x**6/80 - x**5/15 - 7*x**4/12 - 15*x**2. Let j(g) be the second derivative of v(g). Is j(3) composite?
False
Suppose -3*u + u + 2 = -2*b, 5*u - 15 = -5*b. Suppose 0 = f - u, 4*f + f + 14666 = 4*y. Is y a prime number?
False
Suppose -2*f + 18*g - 15*g + 43264 = 0, -g = 4*f - 86542. Is f composite?
True
Let s be (-4 - 0)/(-5 + 14/3). Suppose -49626 = -s*y + 3*y. Suppose -19*v + 13*v = -y.